 + 28/(-16))?
True
Suppose 3*t + 2 - 227 = 0. Is t a multiple of 15?
True
Let l(y) = y**2 - y + 3. Let a(q) = q**2 - 8*q - 3. Let m be a(8). Does 8 divide l(m)?
False
Suppose 4*f = -3*p - 430 + 1202, -388 = -2*f - p. Is f a multiple of 14?
True
Let u be 6 + -81 - (3 + -1). Let t = u + 116. Suppose 3*n - 5*i - 32 = t, -3*i + 175 = 5*n. Is n a multiple of 13?
False
Let x be 17/5 - 6/15. Suppose 0 = 2*t - 13 + 3. Let i = t - x. Is 2 a factor of i?
True
Suppose -6*a + 252 + 108 = 0. Does 23 divide a?
False
Let o(h) = h**2 - 7*h - 19. Is o(14) a multiple of 12?
False
Let n be ((-4)/(-10))/((-4)/20). Is 8 a factor of (-2 - -34)*n/(-4)?
True
Suppose -2*z + 12 = 2*z. Suppose 3*y - 4*y + 68 = -4*w, 5*y = z*w + 255. Is y a multiple of 24?
True
Is 8/12 + (-1364)/(-6) + 0 a multiple of 57?
True
Let h = -4 + 6. Let v = 11 + -6. Suppose -v*w - q + 137 = 0, h*q + 9 - 3 = 0. Is w a multiple of 14?
True
Suppose 4*b + 0 - 8 = 0. Suppose b*v - 16 - 6 = 0. Does 11 divide v?
True
Is 10 a factor of 39/6*(-6)/(-3)?
False
Suppose -8*g + 304 = 72. Is 4 a factor of g?
False
Let g be (-100)/(-8) + 1/2. Let d = g + -8. Is d a multiple of 5?
True
Is 6 a factor of 2/9 - (-106)/9?
True
Suppose -16 = -z + 8. Does 24 divide z?
True
Let r = -3 - -26. Suppose -2*y - r = -2*u + u, -4*u = y - 56. Is u a multiple of 15?
True
Let r be 0 + (6*1)/3. Suppose -t + 0*t + 24 = 0. Suppose j = 2*j + 4*v - 9, -5*v = r*j - t. Is 10 a factor of j?
False
Suppose -4 = 3*j - j + 5*c, 5*c + 52 = 4*j. Let b = -4 + j. Is b a multiple of 4?
True
Let f(o) = 4*o**3 + o + 2. Let s(q) = q - 1. Let i be s(3). Does 18 divide f(i)?
True
Suppose -3*o + 3 = -0*l - 3*l, -4*l = -2*o + 2. Let u be (2 + -2)*o/1. Suppose g + 5*n - 9 = 0, u*g = 4*g - 3*n - 59. Is 14 a factor of g?
True
Let r = -5 - -10. Does 14 divide ((-4)/r)/(-2)*40?
False
Suppose -6*d = -131 - 193. Does 27 divide d?
True
Let m be (4/8)/(2/(-8)). Let i = m + 11. Is 9 a factor of i?
True
Is (468/(-63))/((-2)/7) a multiple of 13?
True
Let n be ((-2)/(-2))/(2/10). Let f = 32 - 9. Let z = f - n. Is 7 a factor of z?
False
Let z be 0/1 + 0/(-4). Suppose z = -2*y + 6 + 26. Does 16 divide y?
True
Does 7 divide (1/(-3))/((-2)/126)?
True
Suppose -141 + 24 = 3*q. Let a = 77 + q. Is 19 a factor of a?
True
Let q = -6 - -10. Let i be 41/1 + -1*1. Let o = q + i. Is o a multiple of 15?
False
Suppose -5*b = -3*b. Suppose b = -4*p + q + 19, 2*p + 3*q = 4*q + 9. Suppose p*n = 4*n + 9. Does 8 divide n?
False
Let o(w) = 2*w - 1. Let i be o(2). Suppose m = 3*t - 2, i*m + m - 3*t - 19 = 0. Is 7 a factor of m?
True
Suppose 6*n = 3*n - 3*b + 15, -3*n - 5*b = -19. Suppose 2*f + 10 = -4*u, f - 12 = 5*u + n*f. Does 2 divide (u + 1)/(2/(-10))?
False
Let b(g) = g**2 - 11*g + 4. Is b(12) a multiple of 8?
True
Let r = -53 + 201. Is r a multiple of 37?
True
Let z = 7 + -5. Is z - 69/(-6)*6 a multiple of 13?
False
Let x = 17 - 17. Let j = -1 - -6. Suppose -j*v + 4*v - 99 = -3*y, -2*y + 2*v + 62 = x. Is 17 a factor of y?
True
Suppose n = 2*n - 2. Suppose -n*c - 155 = -5*f, 6 = -3*f + 3*c + 90. Is f a multiple of 11?
True
Let u = -1 - 0. Let k = -2 + u. Is k/(-6)*58 - -1 a multiple of 15?
True
Let k be (-4)/(-8)*0/1. Suppose k = 4*n - 125 + 45. Is n a multiple of 8?
False
Suppose 25 = -0*d + 5*d. Let w(r) be the first derivative of r**3/3 - 7*r + 1. Does 12 divide w(d)?
False
Suppose -6*p = -10*p + 156. Is p a multiple of 3?
True
Does 16 divide 6/(-2 + 5) + 171?
False
Is 3 a factor of (-1)/(1 - 18/17)?
False
Suppose 3*h - 2*q = 44, -3*h + 0*h + 28 = 2*q. Suppose 0 = -7*m + h*m - 115. Is m a multiple of 6?
False
Let w(q) = q**3 + 5*q**2 + 2*q. Let o(a) = a**2 + a + 4. Let y be o(-3). Let j be (-2)/y - (-38)/(-10). Is w(j) a multiple of 4?
True
Suppose -5*v + 23 = -2. Let c be 16/80 + 58/10. Suppose 39 = v*m - s + 11, -3*s = -c. Is m a multiple of 3?
True
Let w = 4 + -2. Suppose 4*n = u - 40, -7*n = -w*u - 2*n + 77. Is 18 a factor of u?
True
Let o(s) = s**3 - 6*s**2 - 6*s - 2. Let u be o(7). Suppose n - u*n = -100. Is n a multiple of 25?
True
Let m(q) = q**3 + 6*q**2 - 3*q - 3. Let a be m(-6). Let o be 2/(-5) + 246/a. Let r = o + -8. Is 8 a factor of r?
True
Let l(g) = g**2 - g - 4. Let q be l(3). Let c(t) = 3*t - 2. Let n be c(q). Suppose 73 - 17 = n*v. Does 7 divide v?
True
Suppose 4*y = 5*m - 0*y - 74, 0 = m - 3*y - 6. Does 9 divide m?
True
Let f be (-4)/(-18) - (-5490)/81. Suppose -d - d + f = 0. Is 13 a factor of d?
False
Suppose -586 = -5*v - 26. Is 22 a factor of v?
False
Suppose -4*q = -5*p + 14, 3*p = 3*q + 1 + 5. Suppose 2*z - 24 = -2*w, 3*w - 2*z = p*w - 34. Is 10 a factor of w?
True
Let n(w) = -4*w + 12. Does 16 divide n(-21)?
True
Let f = -62 - -114. Is f a multiple of 13?
True
Let i(t) = t**2 - 4*t - 3. Let m be i(6). Suppose -m = 2*v - 51. Does 21 divide v?
True
Suppose 1 = 2*l - 19. Is 4 a factor of l?
False
Let p = -6 - -11. Suppose 2*t - 3*w + 1 = 16, 0 = p*t + 3*w - 48. Does 3 divide t?
True
Let i = 103 - 55. Is 17 a factor of 2 + 0 + i/1?
False
Suppose -5*t + 0*s + 3*s = 0, -3*t = 2*s + 19. Let v(g) = 3*g**2 + g - 8. Let h(l) = 1. Let p(n) = 4*h(n) + v(n). Is 10 a factor of p(t)?
True
Let x(a) be the first derivative of -a**2 - 14*a - 1. Is x(-11) a multiple of 4?
True
Is 46 a factor of (2/(-3))/(7/(-1449))?
True
Let k = 39 + -31. Does 4 divide k?
True
Let t = 98 - 27. Is 17 a factor of 6/(-4) - t/(-2)?
True
Let a(g) = g**3 - 2*g**2 + g. Let j be a(2). Suppose -t = j*r - 14, -4*t + 3*r - r + 86 = 0. Is 5 a factor of t?
True
Suppose -2*r - 259 = -3*d + 2*r, -175 = -2*d + 5*r. Does 17 divide d?
True
Is (-9)/(6/(-2)) + 33 a multiple of 9?
True
Let o = 13 + -9. Suppose 2 = 3*n - 4*s - 2, 36 = 2*n + o*s. Let x(b) = 4*b - 12. Is x(n) a multiple of 16?
False
Let g = 119 + -98. Is 9 a factor of g?
False
Suppose -5*d - 7 = -j - 2*j, 2*j - 5*d - 3 = 0. Is j - 3/((-12)/(-8)) even?
True
Is 17 a factor of ((-2)/4)/((-4)/1752)?
False
Let a(z) = 6*z - 1. Let x be a(1). Suppose -w + x + 17 = 0. Is 14 a factor of w?
False
Let u be -12 + (2 - 0) - -1. Suppose 3*x - 24 - 48 = 0. Let i = x + u. Is i a multiple of 6?
False
Suppose 4*r - 4*o - 55 = -o, 4*r - 58 = 2*o. Does 7 divide r?
False
Suppose 0*s = -2*n - 4*s + 14, -35 = -5*n + 3*s. Let y(t) = t**3 - 4*t**2 - 7*t - 9. Is 25 a factor of y(n)?
False
Suppose z - 5 - 7 = 0. Suppose 9*r = -2*g + 4*r - z, -2*r + 12 = 5*g. Suppose 5*m - 5*d + 16 - 96 = 0, -1 = -m - g*d. Is 13 a factor of m?
True
Suppose 252 = -0*d + d + u, -2*d = 5*u - 495. Is d a multiple of 17?
True
Let c = -1 - 7. Let x = -4 - c. Is x a multiple of 4?
True
Let s(f) = f**3 - 8*f**2 - 2*f + 8. Let q be s(8). Let i = 12 - q. Is 7 a factor of i?
False
Let n(z) = z**3 + z**2 + z - 1. Let h(j) = -7*j**3 - 17*j**2 - 15*j + 1. Let o(b) = -h(b) - 6*n(b). Is 15 a factor of o(-10)?
True
Suppose 9 = 5*f - 11. Is (2 + 32)/(f/2) a multiple of 4?
False
Let s(a) = a**3 - 4*a**2 - 7*a + 6. Let y be s(6). Let k be (0 + -3)*y/(-3). Let g = k - 17. Is g a multiple of 19?
True
Let g = 3 + 1. Suppose r - 135 = -g*r. Is r a multiple of 9?
True
Suppose 0 = -3*s + 184 + 56. Is s a multiple of 40?
True
Let w(n) be the third derivative of -n**4/12 + 5*n**3/3 - n**2. Is w(-7) a multiple of 8?
True
Suppose 4*q - 85 = -13. Is 19 a factor of 2/(-4) - (-747)/q?
False
Let y(j) = 9*j**2 - 9*j - 8. Let m(k) = -k**2 + k + 1. Let i(b) = 6*m(b) + y(b). Is i(4) a multiple of 10?
False
Let b = -4 + 0. Let z = -1 - b. Suppose -3*t + 108 = z*p, 6*p - 2*p = 3*t + 123. Is p a multiple of 11?
True
Suppose 3*p + 0 = 6. Let q = 13 + p. Is q a multiple of 9?
False
Suppose -t - 4*g + 20 = 0, -2*t - 20 = 2*t - 4*g. Suppose -36 = -n - v, n + t*v - v = 30. Is 13 a factor of n?
False
Let r = 50 + 13. Suppose -r = -0*x - 3*x. Is 21 a factor of x?
True
Let y = 19 - -49. Is 34 a factor of y?
True
Suppose -64 = 3*m - w, 0 = m + 3*w - 3 + 11. Does 22 divide -132*(-3 - m/8)?
True
Suppose 3 = 2*q + 3*b - 10, 0 = -5*q - 2*b + 16. Suppose 2*m = -q*m - 2*n + 58, -n = 1. Is 5 a factor of m?
True
Let k(h) = 2*h**2 - 5*h + 5*h - 5 + 4*h. Let a = 10 + -15. Is 9 a factor of k(a)?
False
Suppose 4*k + 24 = 4*f - 3*f, 57 = 2*f + k. Is f a multiple of 7?
True
Suppose g + 3*j = -4*g + 236, 4*j + 208 = 4*g. Is g a multiple of 7?
True
Suppose 3*p = 0, -5*d - 5*p + 32 = -4*d. Is 16 a factor of d?
True
Suppose z = 4*n - 106 - 13, 2*z - 